thousands digit of 404947099?
9
What is the hundreds digit of 323798273?
2
What is the units digit of 2993543022?
2
What is the tens digit of 95177143?
4
What is the hundred thousands digit of 9139291745?
2
What is the thousands digit of 1445944687?
4
What is the units digit of 23189374?
4
What is the hundred millions digit of 468702576?
4
What is the tens digit of 1673933933?
3
What is the hundred thousands digit of 31073978?
0
What is the tens digit of 96806164?
6
What is the ten millions digit of 160537743?
6
What is the hundreds digit of 158245864?
8
What is the tens digit of 205870271?
7
What is the ten millions digit of 282174878?
8
What is the hundred thousands digit of 298080191?
0
What is the hundred thousands digit of 93668308?
6
What is the ten millions digit of 411353445?
1
What is the tens digit of 51456866?
6
What is the tens digit of 117909923?
2
What is the hundred thousands digit of 61273952?
2
What is the units digit of 251383690?
0
What is the ten thousands digit of 32050064?
5
What is the hundreds digit of 7382954?
9
What is the ten millions digit of 28256993?
2
What is the hundred thousands digit of 185252903?
2
What is the ten millions digit of 1025675662?
2
What is the ten thousands digit of 156765009?
6
What is the hundred millions digit of 119176074?
1
What is the ten millions digit of 349535224?
4
What is the hundred thousands digit of 1967890163?
8
What is the hundred thousands digit of 84440640?
4
What is the hundreds digit of 2309305310?
3
What is the hundreds digit of 84746152?
1
What is the units digit of 47132241?
1
What is the millions digit of 1804407826?
4
What is the thousands digit of 9959630?
9
What is the units digit of 364859548?
8
What is the hundred thousands digit of 238162551?
1
What is the hundreds digit of 166563174?
1
What is the thousands digit of 155407578?
7
What is the ten thousands digit of 399276568?
7
What is the millions digit of 1265986518?
5
What is the hundred thousands digit of 65652639?
6
What is the tens digit of 674873752?
5
What is the ten millions digit of 325539484?
2
What is the ten thousands digit of 131885411?
8
What is the thousands digit of 121061734?
1
What is the units digit of 5880762302?
2
What is the tens digit of 785371756?
5
What is the ten millions digit of 16738793?
1
What is the hundred millions digit of 275930499?
2
What is the millions digit of 90022561?
0
What is the units digit of 71609545?
5
What is the thousands digit of 244572459?
2
What is the hundred thousands digit of 740503172?
5
What is the millions digit of 50708582?
0
What is the ten millions digit of 48161695?
4
What is the hundred millions digit of 530258447?
5
What is the hundreds digit of 982858882?
8
What is the units digit of 752978826?
6
What is the ten millions digit of 85471845?
8
What is the units digit of 19465113?
3
What is the millions digit of 7772977829?
2
What is the hundred thousands digit of 235867068?
8
What is the ten millions digit of 4133311391?
3
What is the ten millions digit of 287541271?
8
What is the ten thousands digit of 945451445?
5
What is the thousands digit of 932865716?
5
What is the tens digit of 2395672921?
2
What is the hundred thousands digit of 74698969?
6
What is the thousands digit of 79099302?
9
What is the units digit of 139963373?
3
What is the ten millions digit of 244464819?
4
What is the ten millions digit of 57220438?
5
What is the hundreds digit of 2302700237?
2
What is the units digit of 2450419253?
3
What is the thousands digit of 8095637179?
7
What is the units digit of 1430829979?
9
What is the ten thousands digit of 4452756553?
5
What is the hundred millions digit of 3117825046?
1
What is the units digit of 858234320?
0
What is the millions digit of 412052606?
2
What is the hundred thousands digit of 4311966911?
9
What is the thousands digit of 539755324?
5
What is the ten thousands digit of 252383838?
8
What is the units digit of 536777?
7
What is the hundred thousands digit of 6321078?
3
What is the ten thousands digit of 15438379?
3
What is the units digit of 9437585?
5
What is the tens digit of 1107712535?
3
What is the tens digit of 1817896927?
2
What is the ten thousands digit of 12119289?
1
What is the tens digit of 84155612?
1
What is the hundreds digit of 6940905?
9
What is the hundred thousands digit of 1067837674?
8
What is the thousands digit of 359992045?
2
What is the hundred millions digit of 534669623?
5
What is the hundred thousands digit of 262034158?
0
What is the billions digit of 4341132432?
4
What is the hundreds digit of 151065510?
5
What is the millions digit of 112072720?
2
What is the thousands digit of 860753736?
3
What is the hundred thousands digit of 3295454881?
4
What is the ten thousands digit of 29937477?
3
What is the hundred thousands digit of 794867384?
8
What is the hundred millions digit of 126707912?
1
What is the ten millions digit of 569581471?
6
What is the hundreds digit of 3158970333?
3
What is the hundred thousands digit of 59255780?
2
What is the hundred millions digit of 207133170?
2
What is the thousands digit of 44425753?
5
What is the thousands digit of 6603160795?
0
What is the millions digit of 810773362?
0
What is the hundreds digit of 40800958?
9
What is the units digit of 26421471?
1
What is the ten millions digit of 65318113?
6
What is the tens digit of 212557419?
1
What is the hundred millions digit of 764902859?
7
What is the ten millions digit of 992142669?
9
What is the billions digit of 3631944203?
3
What is the hundreds digit of 501929528?
5
What is the thousands digit of 386109899?
9
What is the hundred millions digit of 232204858?
2
What is the hundreds digit of 78729916?
9
What is the millions digit of 221337408?
1
What is the ten millions digit of 53255513?
5
What is the millions digit of 27977939?
7
What is the hundred millions digit of 495857761?
4
What is the hundred thousands digit of 46533761?
5
What is the ten thousands digit of 1761473959?
7
What is the ten thousands digit of 84144842?
4
What is the tens digit of 71516976?
7
What is the thousands digit of 4198955?
8
What is the units digit of 507748120?
0
What is the ten thousands digit of 65019784?
1
What is the hundred thousands digit of 105642227?
6
What is the hundred thousands digit of 169089998?
0
What is the thousands digit of 351507193?
7
What is the hundred thousands digit of 274882888?
8
What is the ten thousands digit of 12375049?
7
What is the tens digit of 3017119417?
1
What is the ten millions digit of 1115891928?
1
What is the hundreds digit of 111255551?
5
What is the ten millions digit of 286759881?
8
What is the hundred millions digit of 102348418?
1
What is the millions digit of 513444793?
3
What is the millions digit of 834686165?
4
What is the thousands digit of 930994742?
4
What is the units digit of 21854606?
6
What is the ten thousands digit of 90630245?
3
What is the ten thousands digit of 7667460929?
6
What is the hundreds digit of 1992108071?
0
What is the thousands digit of 324825389?
5
What is the hundred thousands digit of 59266563?
2
What is the hundreds digit of 2046930191?
1
What is the billions digit of 3253909031?
3
What is the ten thousands digit of 1248107599?
0
What is the units digit of 169192708?
8
What is the thousands digit of 1162732017?
2
What is the hundred thousands digit of 120352354?
3
What is the hundreds digit of 859391904?
9
What is the hundred thousands digit of 63719700?
7
What is the hundred thousands digit of 3428161307?
1
What is the tens digit of 686066218?
1
What is the hundreds digit of 178324135?
1
What is the units digit of 110703851?
1
What is the ten millions digit of 2895142487?
9
What is the ten thousands digit of 2589050?
8
What is the millions digit of 19949956?
9
What is the ten millions digit of 47097247?
4
What is the ten thousands digit of 22338107?
3
What is the thousands digit of 971406324?
6
What is the units digit of 2148540810?
0
What is the thousands digit of 39968472?
8
What is the hundred millions digit of 801253627?
8
What is the billions digit of 1833984675?
1
What is the millions digit of 269573523?
9
What is the ten millions digit of 44447360?
4
What is the billions digit of 1708090605?
1
What is the hundred millions digit of 191515594?
1
W